{"id":2,"date":"2025-08-19T05:07:08","date_gmt":"2025-08-19T05:07:08","guid":{"rendered":"https:\/\/unira3.vectorvisualmx.com\/?page_id=2"},"modified":"2025-08-19T08:56:12","modified_gmt":"2025-08-19T08:56:12","slug":"quienes-somos","status":"publish","type":"page","link":"https:\/\/unira3.vectorvisualmx.com\/index.php\/quienes-somos\/","title":{"rendered":"Quienes Somos"},"content":{"rendered":"\t\t<div data-elementor-type=\"wp-page\" data-elementor-id=\"2\" class=\"elementor elementor-2\">\n\t\t\t\t<div class=\"elementor-element elementor-element-03784e9 e-flex e-con-boxed wpr-particle-no wpr-jarallax-no wpr-parallax-no wpr-sticky-section-no e-con e-parent\" data-id=\"03784e9\" data-element_type=\"container\">\n\t\t\t\t\t<div class=\"e-con-inner\">\n\t\t\t\t<div class=\"elementor-element elementor-element-90371f9 elementor-widget elementor-widget-image\" data-id=\"90371f9\" data-element_type=\"widget\" data-widget_type=\"image.default\">\n\t\t\t\t\t\t\t\t\t\t\t\t\t\t\t<img fetchpriority=\"high\" decoding=\"async\" width=\"957\" height=\"200\" src=\"https:\/\/unira3.vectorvisualmx.com\/wp-content\/uploads\/2025\/08\/logo_unir_1666x348.png\" class=\"attachment-large size-large wp-image-23\" alt=\"\" srcset=\"https:\/\/unira3.vectorvisualmx.com\/wp-content\/uploads\/2025\/08\/logo_unir_1666x348.png 957w, https:\/\/unira3.vectorvisualmx.com\/wp-content\/uploads\/2025\/08\/logo_unir_1666x348-300x63.png 300w, https:\/\/unira3.vectorvisualmx.com\/wp-content\/uploads\/2025\/08\/logo_unir_1666x348-768x161.png 768w\" sizes=\"(max-width: 957px) 100vw, 957px\" \/>\t\t\t\t\t\t\t\t\t\t\t\t\t\t\t<\/div>\n\t\t\t\t\t<\/div>\n\t\t\t\t<\/div>\n\t\t<div class=\"elementor-element elementor-element-4596f103 e-flex e-con-boxed wpr-particle-no wpr-jarallax-no wpr-parallax-no wpr-sticky-section-no e-con e-parent\" data-id=\"4596f103\" data-element_type=\"container\">\n\t\t\t\t\t<div class=\"e-con-inner\">\n\t\t\t\t<div class=\"elementor-element elementor-element-2cc13cf3 elementor-widget elementor-widget-text-editor\" data-id=\"2cc13cf3\" data-element_type=\"widget\" data-widget_type=\"text-editor.default\">\n\t\t\t\t\t\t\t\t\t\n<p>Somos el equipo actualmente conformado por:<\/p>\n\n<ul class=\"wp-block-list\">\n<li>Carlos Quezada Sol\u00f3rzano<\/li>\n\n<li>Cristian Alan Carranza Alcantar<\/li>\n<\/ul>\n\n<blockquote class=\"wp-block-quote is-layout-flow wp-block-quote-is-layout-flow\">\n<p>Esta p\u00e1gina tiene como pilar nuestro amor por la m\u00fasica, en nuestro caso el Rock y Metal progresivo y claro por que no un poco de fusion.<\/p>\n<\/blockquote>\n\n<p>Parte del proceso de trabajo en equipo fue ambos hacer una instalaci\u00f3n local y decidirnos por la versi\u00f3n final que estar\u00eda arriba del dominio, y este es nuetro resultado.<\/p>\n\n<blockquote class=\"wp-block-quote is-layout-flow wp-block-quote-is-layout-flow\">\n<p>Ambos disfrutamos mucho de programar por lo que los gestores de contenido los usamos en raras ocasiones pero entendemos su prop\u00f3sito.<\/p>\n<\/blockquote>\n\n<p>Gracias por su dedicaci\u00f3n profesor.<\/p>\n\n<p>\u00a0<\/p>\n\t\t\t\t\t\t\t\t<\/div>\n\t\t\t\t\t<\/div>\n\t\t\t\t<\/div>\n\t\t\t\t<\/div>\n\t\t","protected":false},"excerpt":{"rendered":"<p>Somos el equipo actualmente conformado por: Esta p\u00e1gina tiene como pilar nuestro amor por la m\u00fasica, en nuestro caso el Rock y Metal progresivo y claro por que no un poco de fusion. Parte del proceso de trabajo en equipo fue ambos hacer una instalaci\u00f3n local y decidirnos por la versi\u00f3n final que estar\u00eda arriba del dominio, y este es nuetro resultado. Ambos disfrutamos mucho de programar por lo que los gestores de contenido los usamos en raras ocasiones pero entendemos su prop\u00f3sito. Gracias por su dedicaci\u00f3n profesor. \u00a0<\/p>\n","protected":false},"author":1,"featured_media":0,"parent":0,"menu_order":0,"comment_status":"closed","ping_status":"open","template":"","meta":{"footnotes":""},"class_list":["post-2","page","type-page","status-publish","hentry"],"_links":{"self":[{"href":"https:\/\/unira3.vectorvisualmx.com\/index.php\/wp-json\/wp\/v2\/pages\/2","targetHints":{"allow":["GET"]}}],"collection":[{"href":"https:\/\/unira3.vectorvisualmx.com\/index.php\/wp-json\/wp\/v2\/pages"}],"about":[{"href":"https:\/\/unira3.vectorvisualmx.com\/index.php\/wp-json\/wp\/v2\/types\/page"}],"author":[{"embeddable":true,"href":"https:\/\/unira3.vectorvisualmx.com\/index.php\/wp-json\/wp\/v2\/users\/1"}],"replies":[{"embeddable":true,"href":"https:\/\/unira3.vectorvisualmx.com\/index.php\/wp-json\/wp\/v2\/comments?post=2"}],"version-history":[{"count":4,"href":"https:\/\/unira3.vectorvisualmx.com\/index.php\/wp-json\/wp\/v2\/pages\/2\/revisions"}],"predecessor-version":[{"id":53,"href":"https:\/\/unira3.vectorvisualmx.com\/index.php\/wp-json\/wp\/v2\/pages\/2\/revisions\/53"}],"wp:attachment":[{"href":"https:\/\/unira3.vectorvisualmx.com\/index.php\/wp-json\/wp\/v2\/media?parent=2"}],"curies":[{"name":"wp","href":"https:\/\/api.w.org\/{rel}","templated":true}]}}